nd 17144824?
107
Calculate the greatest common factor of 7375 and 327745.
295
What is the greatest common divisor of 6211410 and 1965?
15
What is the highest common factor of 10116468 and 9588?
564
What is the greatest common divisor of 1308 and 54888?
12
What is the greatest common divisor of 5157 and 16227?
27
Calculate the greatest common factor of 1150 and 329220850.
1150
Calculate the highest common factor of 136234 and 1176662.
526
Calculate the highest common divisor of 3349124 and 20.
4
Calculate the highest common factor of 4804 and 30826067.
1201
Calculate the highest common factor of 19635 and 4855455.
2805
Calculate the highest common factor of 865 and 209718385.
865
What is the highest common divisor of 426109 and 126911?
709
Calculate the highest common factor of 108975808 and 64.
64
What is the highest common divisor of 201728 and 4971492?
788
Calculate the greatest common factor of 79644 and 96.
12
What is the highest common factor of 2678 and 274508?
26
What is the highest common divisor of 388 and 58342202?
194
Calculate the greatest common factor of 61771220 and 860.
860
What is the highest common divisor of 4335 and 38694?
3
Calculate the greatest common divisor of 136 and 43975634.
34
Calculate the highest common factor of 17128 and 4864.
8
Calculate the greatest common factor of 7771120 and 10.
10
Calculate the highest common divisor of 183743 and 21287.
7
What is the highest common factor of 56 and 96680402?
14
Calculate the greatest common factor of 21934659 and 241125.
1929
Calculate the highest common divisor of 165 and 136406600.
55
Calculate the greatest common divisor of 107965045 and 27778.
731
What is the greatest common divisor of 762906 and 140180?
86
Calculate the greatest common factor of 69740697 and 741.
741
What is the greatest common divisor of 14467 and 100861?
17
Calculate the greatest common factor of 3140 and 1927560.
20
What is the greatest common factor of 2679 and 363?
3
What is the highest common divisor of 4261436 and 3273644?
6332
Calculate the highest common divisor of 30815069 and 362.
181
Calculate the greatest common factor of 33285777 and 798.
399
Calculate the greatest common divisor of 2084754 and 39383414.
14182
Calculate the greatest common factor of 157954390 and 3617.
3617
Calculate the highest common factor of 187783173 and 291.
291
What is the highest common factor of 49245093 and 3249?
3249
Calculate the greatest common divisor of 588 and 580527304.
196
What is the greatest common divisor of 370848 and 123?
3
What is the highest common factor of 590939 and 1472?
23
Calculate the greatest common factor of 5142070 and 207835.
1055
Calculate the highest common factor of 1375 and 54670825.
275
Calculate the highest common factor of 730128 and 821968.
4592
Calculate the greatest common factor of 689553 and 9477.
81
Calculate the highest common factor of 14043897 and 35.
7
What is the highest common factor of 984 and 486957?
123
Calculate the greatest common divisor of 40320 and 35294.
14
Calculate the greatest common divisor of 16130994 and 102.
102
Calculate the highest common factor of 613355 and 5795.
305
What is the highest common divisor of 11 and 491475292?
11
What is the greatest common divisor of 3 and 14363907?
3
What is the greatest common factor of 98654428 and 214?
214
What is the greatest common factor of 189 and 2467242?
9
What is the highest common divisor of 4008 and 6132908?
668
What is the highest common divisor of 78 and 10158564?
78
What is the greatest common divisor of 214688 and 7735477?
6709
What is the greatest common divisor of 440 and 86500?
20
Calculate the highest common factor of 121252288 and 10760.
2152
What is the greatest common factor of 680 and 12262?
2
What is the greatest common divisor of 1275351 and 183?
3
What is the greatest common factor of 1375 and 102273875?
1375
Calculate the highest common factor of 157080 and 467880.
840
What is the highest common divisor of 360 and 10685592?
72
What is the highest common divisor of 144175939 and 11601?
1289
Calculate the greatest common divisor of 810 and 270030.
30
What is the highest common factor of 188370 and 228969?
117
Calculate the greatest common factor of 37920 and 94657800.
9480
Calculate the highest common divisor of 1317699 and 18.
9
What is the greatest common divisor of 2102 and 4961771?
1051
Calculate the highest common factor of 3150 and 249686640.
630
Calculate the greatest common factor of 22555202 and 10.
2
What is the highest common factor of 1005571 and 13328?
7
Calculate the highest common divisor of 4947 and 1269924.
291
Calculate the greatest common factor of 2365476 and 1188.
12
Calculate the highest common factor of 9530 and 3600434.
1906
Calculate the greatest common factor of 28194 and 1140414.
222
What is the highest common factor of 3171674 and 22?
22
Calculate the highest common factor of 1248 and 5757804.
156
What is the highest common factor of 4459644810 and 270?
270
What is the greatest common divisor of 366522 and 2553?
111
What is the highest common divisor of 19741945 and 215?
215
Calculate the greatest common factor of 414 and 20247498.
414
What is the greatest common divisor of 79471707 and 294?
21
What is the greatest common divisor of 3878109 and 63?
9
What is the greatest common divisor of 877101 and 3?
3
What is the highest common divisor of 164 and 4705406?
82
What is the highest common factor of 11729 and 48274979?
317
What is the greatest common factor of 9 and 1117152?
9
What is the greatest common factor of 553125 and 465?
15
What is the highest common factor of 1551 and 880891?
11
What is the highest common factor of 175679157 and 8016?
501
Calculate the greatest common divisor of 11628496 and 1584.
176
What is the highest common factor of 207851 and 5957?
161
Calculate the highest common divisor of 149892 and 97452.
12
Calculate the highest common factor of 123368 and 68152.
56
What is the highest common factor of 20400 and 71076?
12
Calculate the greatest common factor of 679994007 and 168.
21
What is the highest common divisor of 4574466 and 184764?
1038
Calculate the highest common factor of 13154570 and 1040.
130
Calculate the highest common factor of 3325 and 580678.
133
Calculate the greatest common factor of 4755 and 1421428.
317
What is the highest common divisor of 48668379 and 2404?
601
Calculate the highest common divisor of 2365486659 and 243.
243
What is the highest common factor of 7124777 and 210419?
517
Calculate the highest common divisor of 37775 and 49925.
25
What is the highest common factor of 2943465 and 1734?
867
Calculate the highest common divisor of 14 and 966262234.
14
Calculate the greatest common divisor of 521598 and 2422.
14
Calculate the highest common divisor of 269275 and 2075.
25
Calculate the highest common divisor of 804570 and 27105.
195
Calculate the highest common divisor of 4853115 and 6555.
345
Calculate the greatest common divisor of 125079 and 207.
3
What is the highest common divisor of 6422029 and 3869?
73
What is the highest common divisor of 12 and 228194844?
12
Calculate the greatest common divisor of 345689088 and 10752.
1536
What is the highest common divisor of 18309 and 43347?
3
What is the highest common divisor of 13615 and 11383307?
389
Calculate the highest common factor of 418 and 37875626.
38
What is the highest common divisor of 7921179 and 12?
3
What is the greatest common divisor of 1862 and 481251722?
266
Calculate the greatest common divisor of 45728 and 18724187.
1429
What is the greatest common factor of 30820 and 582268?
92
Calculate the greatest common divisor of 1395432172 and 529.
529
What is the greatest common factor of 20 and 126200980?
20
What is the highest common divisor of 16900611 and 3003?
273
Calculate the highest common factor of 1537434 and 52398.
1278
What is the greatest common divisor of 14111834 and 5566?
506
Calculate the greatest common factor of 1290116013 and 933.
933
Calculate the greatest common divisor of 35667254 and 378.
14
Calculate the highest common factor of 2708 and 20245685.
677
What is the greatest common divisor of 6789950 and 250?
50
What is the highest common divisor of 4987809 and 11107?
383
What is the greatest common divisor of 12 and 414741060